{"id":63,"date":"2012-05-06T17:23:21","date_gmt":"2012-05-06T17:23:21","guid":{"rendered":"http:\/\/192.168.178.22\/wp1\/?page_id=63"},"modified":"2023-03-06T19:19:48","modified_gmt":"2023-03-06T18:19:48","slug":"kursangebote","status":"publish","type":"page","link":"http:\/\/schwarzweissbunt-keramik.de\/?page_id=63","title":{"rendered":"M\u00e4rkte &#038; Termine"},"content":{"rendered":"<p><strong>M\u00e4rkte und Termine 2023:<br \/>\n<\/strong><\/p>\n<p><strong>11. und 12. M\u00e4rz Tag der offenen T\u00f6pferei<\/strong><\/p>\n<p><strong>10.und 11. Juni Kunsthandwerkermarkt Plaidt<\/strong><\/p>\n<p><strong>15.-17. September Kunsthandwerkermarkt Koblenz auf dem Schlossvorplatz<br \/>\n<\/strong><\/p>\n<p><strong>01. bis 03. Dezember Winningen im Lichterglanz<\/strong><\/p>\n<p><strong> An Markttagen bleibt die Werkstatt geschlossen!!<br \/>\n<\/strong><\/p>\n<hr \/>\n","protected":false},"excerpt":{"rendered":"<p>M\u00e4rkte und Termine 2023: 11. und 12. M\u00e4rz Tag der offenen T\u00f6pferei 10.und 11. Juni Kunsthandwerkermarkt Plaidt 15.-17. September Kunsthandwerkermarkt Koblenz auf dem Schlossvorplatz 01. bis 03. Dezember Winningen im Lichterglanz An Markttagen bleibt die Werkstatt geschlossen!!<\/p>\n","protected":false},"author":1,"featured_media":0,"parent":0,"menu_order":0,"comment_status":"closed","ping_status":"closed","template":"sidebar-page.php","meta":[],"_links":{"self":[{"href":"http:\/\/schwarzweissbunt-keramik.de\/index.php?rest_route=\/wp\/v2\/pages\/63"}],"collection":[{"href":"http:\/\/schwarzweissbunt-keramik.de\/index.php?rest_route=\/wp\/v2\/pages"}],"about":[{"href":"http:\/\/schwarzweissbunt-keramik.de\/index.php?rest_route=\/wp\/v2\/types\/page"}],"author":[{"embeddable":true,"href":"http:\/\/schwarzweissbunt-keramik.de\/index.php?rest_route=\/wp\/v2\/users\/1"}],"replies":[{"embeddable":true,"href":"http:\/\/schwarzweissbunt-keramik.de\/index.php?rest_route=%2Fwp%2Fv2%2Fcomments&post=63"}],"version-history":[{"count":16,"href":"http:\/\/schwarzweissbunt-keramik.de\/index.php?rest_route=\/wp\/v2\/pages\/63\/revisions"}],"predecessor-version":[{"id":309,"href":"http:\/\/schwarzweissbunt-keramik.de\/index.php?rest_route=\/wp\/v2\/pages\/63\/revisions\/309"}],"wp:attachment":[{"href":"http:\/\/schwarzweissbunt-keramik.de\/index.php?rest_route=%2Fwp%2Fv2%2Fmedia&parent=63"}],"curies":[{"name":"wp","href":"https:\/\/api.w.org\/{rel}","templated":true}]}}

Märkte &#038; Termine

<p><strong>Märkte und Termine 2023:<br />
</strong></p>
<p><strong>11. und 12. März Tag der offenen Töpferei</strong></p>
<p><strong>10.und 11. Juni Kunsthandwerkermarkt Plaidt</strong></p>
<p><strong>15.-17. September Kunsthandwerkermarkt Koblenz auf dem Schlossvorplatz<br />
</strong></p>
<p><strong>01. bis 03. Dezember Winningen im Lichterglanz</strong></p>
<p><strong> An Markttagen bleibt die Werkstatt geschlossen!!<br />
</strong></p>
<hr />

<p>Märkte und Termine 2023: 11. und 12. März Tag der offenen Töpferei 10.und 11. Juni Kunsthandwerkermarkt Plaidt 15.-17. September Kunsthandwerkermarkt Koblenz auf dem Schlossvorplatz 01. bis 03. Dezember Winningen im Lichterglanz An Markttagen bleibt die Werkstatt geschlossen!!</p>
