{"id":2,"date":"2012-05-05T18:02:58","date_gmt":"2012-05-05T18:02:58","guid":{"rendered":"http:\/\/192.168.178.22\/wp1\/?page_id=2"},"modified":"2012-07-22T10:17:11","modified_gmt":"2012-07-22T10:17:11","slug":"beispiel-seite","status":"publish","type":"page","link":"http:\/\/schwarzweissbunt-keramik.de\/?page_id=2","title":{"rendered":"zur Werkstatt"},"content":{"rendered":"<p><span style=\"color: #610b4b;\"><strong> Katja Lewe<\/strong><\/span><\/p>\n<p><strong>* 1968<\/strong> in Schwerte<\/p>\n<p><strong> 1991 bis 94<\/strong> Ausbildung als Keramikerin, T\u00f6pferei Elke Gerber-Eckert in Trier<\/p>\n<p><strong> 1994 bis 97<\/strong> Ausbildung zur staatlich gepr\u00fcften Keramkgestalterin Fachschule f\u00fcr Keramik\u00a0 in H\u00f6hr Grenzhausen<\/p>\n<p><strong> 1998 bis 2008<\/strong> Design Keramikindustrie, Jasba Ofenkachel in Ransbach Baumbach<\/p>\n<p><strong> seit 2010<\/strong> Keramikwerkstatt schwarzweissbunt in Winningen<\/p>\n\r\n<div class=\"ngg-galleryoverview\" id=\"ngg-gallery-13-2\">\r\n\r\n\r\n\t\r\n\t<!-- Thumbnails -->\r\n\t\t\r\n\t<div id=\"ngg-image-256\" class=\"ngg-gallery-thumbnail-box\"  >\r\n\t\t<div class=\"ngg-gallery-thumbnail\" >\r\n\t\t\t<a href=\"http:\/\/schwarzweissbunt-keramik.de\/wp-content\/gallery\/werkstatt\/img_3417.jpg\" title=\" \" class=\"shutterset_set_13\" >\r\n\t\t\t\t\t\t\t\t<img title=\"img_3417\" alt=\"img_3417\" src=\"http:\/\/schwarzweissbunt-keramik.de\/wp-content\/gallery\/werkstatt\/thumbs\/thumbs_img_3417.jpg\" width=\"100\" height=\"75\" \/>\r\n\t\t\t\t\t\t\t<\/a>\r\n\t\t<\/div>\r\n\t<\/div>\r\n\t\r\n\t\t\r\n \t\t\r\n\t<div id=\"ngg-image-257\" class=\"ngg-gallery-thumbnail-box\"  >\r\n\t\t<div class=\"ngg-gallery-thumbnail\" >\r\n\t\t\t<a href=\"http:\/\/schwarzweissbunt-keramik.de\/wp-content\/gallery\/werkstatt\/img_6136_0.jpg\" title=\" \" class=\"shutterset_set_13\" >\r\n\t\t\t\t\t\t\t\t<img title=\"img_6136_0\" alt=\"img_6136_0\" src=\"http:\/\/schwarzweissbunt-keramik.de\/wp-content\/gallery\/werkstatt\/thumbs\/thumbs_img_6136_0.jpg\" width=\"100\" height=\"75\" \/>\r\n\t\t\t\t\t\t\t<\/a>\r\n\t\t<\/div>\r\n\t<\/div>\r\n\t\r\n\t\t\r\n \t\t\r\n\t<div id=\"ngg-image-171\" class=\"ngg-gallery-thumbnail-box\"  >\r\n\t\t<div class=\"ngg-gallery-thumbnail\" >\r\n\t\t\t<a href=\"http:\/\/schwarzweissbunt-keramik.de\/wp-content\/gallery\/werkstatt\/img_2334.jpg\" title=\" \" class=\"shutterset_set_13\" >\r\n\t\t\t\t\t\t\t\t<img title=\"Unser Innenhof\" alt=\"Unser Innenhof\" src=\"http:\/\/schwarzweissbunt-keramik.de\/wp-content\/gallery\/werkstatt\/thumbs\/thumbs_img_2334.jpg\" width=\"100\" height=\"75\" \/>\r\n\t\t\t\t\t\t\t<\/a>\r\n\t\t<\/div>\r\n\t<\/div>\r\n\t\r\n\t\t\r\n \t\t\r\n\t<div id=\"ngg-image-173\" class=\"ngg-gallery-thumbnail-box\"  >\r\n\t\t<div class=\"ngg-gallery-thumbnail\" >\r\n\t\t\t<a href=\"http:\/\/schwarzweissbunt-keramik.de\/wp-content\/gallery\/werkstatt\/img_3555.jpg\" title=\" \" class=\"shutterset_set_13\" >\r\n\t\t\t\t\t\t\t\t<img title=\"Werkstatt von au\u00dfen\" alt=\"Werkstatt von au\u00dfen\" src=\"http:\/\/schwarzweissbunt-keramik.de\/wp-content\/gallery\/werkstatt\/thumbs\/thumbs_img_3555.jpg\" width=\"100\" height=\"75\" \/>\r\n\t\t\t\t\t\t\t<\/a>\r\n\t\t<\/div>\r\n\t<\/div>\r\n\t\r\n\t\t\r\n \t\t\r\n\t<div id=\"ngg-image-174\" class=\"ngg-gallery-thumbnail-box\"  >\r\n\t\t<div class=\"ngg-gallery-thumbnail\" >\r\n\t\t\t<a href=\"http:\/\/schwarzweissbunt-keramik.de\/wp-content\/gallery\/werkstatt\/img_3594.jpg\" title=\" \" class=\"shutterset_set_13\" >\r\n\t\t\t\t\t\t\t\t<img title=\"img_3594\" alt=\"img_3594\" src=\"http:\/\/schwarzweissbunt-keramik.de\/wp-content\/gallery\/werkstatt\/thumbs\/thumbs_img_3594.jpg\" width=\"100\" height=\"75\" \/>\r\n\t\t\t\t\t\t\t<\/a>\r\n\t\t<\/div>\r\n\t<\/div>\r\n\t\r\n\t\t\r\n \t\t\r\n\t<div id=\"ngg-image-180\" class=\"ngg-gallery-thumbnail-box\"  >\r\n\t\t<div class=\"ngg-gallery-thumbnail\" >\r\n\t\t\t<a href=\"http:\/\/schwarzweissbunt-keramik.de\/wp-content\/gallery\/werkstatt\/bildchen001.jpg\" title=\" \" class=\"shutterset_set_13\" >\r\n\t\t\t\t\t\t\t\t<img title=\"Arbeit an der Drehscheibe\" alt=\"Arbeit an der Drehscheibe\" src=\"http:\/\/schwarzweissbunt-keramik.de\/wp-content\/gallery\/werkstatt\/thumbs\/thumbs_bildchen001.jpg\" width=\"100\" height=\"75\" \/>\r\n\t\t\t\t\t\t\t<\/a>\r\n\t\t<\/div>\r\n\t<\/div>\r\n\t\r\n\t\t\r\n \t\t\r\n\t<div id=\"ngg-image-181\" class=\"ngg-gallery-thumbnail-box\"  >\r\n\t\t<div class=\"ngg-gallery-thumbnail\" >\r\n\t\t\t<a href=\"http:\/\/schwarzweissbunt-keramik.de\/wp-content\/gallery\/werkstatt\/bildchen002.jpg\" title=\" \" class=\"shutterset_set_13\" >\r\n\t\t\t\t\t\t\t\t<img title=\"bildchen002\" alt=\"bildchen002\" src=\"http:\/\/schwarzweissbunt-keramik.de\/wp-content\/gallery\/werkstatt\/thumbs\/thumbs_bildchen002.jpg\" width=\"100\" height=\"75\" \/>\r\n\t\t\t\t\t\t\t<\/a>\r\n\t\t<\/div>\r\n\t<\/div>\r\n\t\r\n\t\t\r\n \t\t\r\n\t<div id=\"ngg-image-182\" class=\"ngg-gallery-thumbnail-box\"  >\r\n\t\t<div class=\"ngg-gallery-thumbnail\" >\r\n\t\t\t<a href=\"http:\/\/schwarzweissbunt-keramik.de\/wp-content\/gallery\/werkstatt\/bildchen003.jpg\" title=\" \" class=\"shutterset_set_13\" >\r\n\t\t\t\t\t\t\t\t<img title=\"bildchen003\" alt=\"bildchen003\" src=\"http:\/\/schwarzweissbunt-keramik.de\/wp-content\/gallery\/werkstatt\/thumbs\/thumbs_bildchen003.jpg\" width=\"100\" height=\"75\" \/>\r\n\t\t\t\t\t\t\t<\/a>\r\n\t\t<\/div>\r\n\t<\/div>\r\n\t\r\n\t\t\r\n \t\t\r\n\t<div id=\"ngg-image-183\" class=\"ngg-gallery-thumbnail-box\"  >\r\n\t\t<div class=\"ngg-gallery-thumbnail\" >\r\n\t\t\t<a href=\"http:\/\/schwarzweissbunt-keramik.de\/wp-content\/gallery\/werkstatt\/bildchen004.jpg\" title=\" \" class=\"shutterset_set_13\" >\r\n\t\t\t\t\t\t\t\t<img title=\"bildchen004\" alt=\"bildchen004\" src=\"http:\/\/schwarzweissbunt-keramik.de\/wp-content\/gallery\/werkstatt\/thumbs\/thumbs_bildchen004.jpg\" width=\"100\" height=\"75\" \/>\r\n\t\t\t\t\t\t\t<\/a>\r\n\t\t<\/div>\r\n\t<\/div>\r\n\t\r\n\t\t\r\n \t\t\r\n\t<div id=\"ngg-image-225\" class=\"ngg-gallery-thumbnail-box\"  >\r\n\t\t<div class=\"ngg-gallery-thumbnail\" >\r\n\t\t\t<a href=\"http:\/\/schwarzweissbunt-keramik.de\/wp-content\/gallery\/werkstatt\/img_5780.jpg\" title=\"Weihnachtsmarkt Bonn\" class=\"shutterset_set_13\" >\r\n\t\t\t\t\t\t\t\t<img title=\"Weihnachtsmarktstand\" alt=\"Weihnachtsmarktstand\" src=\"http:\/\/schwarzweissbunt-keramik.de\/wp-content\/gallery\/werkstatt\/thumbs\/thumbs_img_5780.jpg\" width=\"100\" height=\"75\" \/>\r\n\t\t\t\t\t\t\t<\/a>\r\n\t\t<\/div>\r\n\t<\/div>\r\n\t\r\n\t\t\r\n \t\t\r\n\t<div id=\"ngg-image-226\" class=\"ngg-gallery-thumbnail-box\"  >\r\n\t\t<div class=\"ngg-gallery-thumbnail\" >\r\n\t\t\t<a href=\"http:\/\/schwarzweissbunt-keramik.de\/wp-content\/gallery\/werkstatt\/img_5782.jpg\" title=\" \" class=\"shutterset_set_13\" >\r\n\t\t\t\t\t\t\t\t<img title=\"img_5782\" alt=\"img_5782\" src=\"http:\/\/schwarzweissbunt-keramik.de\/wp-content\/gallery\/werkstatt\/thumbs\/thumbs_img_5782.jpg\" width=\"100\" height=\"75\" \/>\r\n\t\t\t\t\t\t\t<\/a>\r\n\t\t<\/div>\r\n\t<\/div>\r\n\t\r\n\t\t\r\n \t\t\r\n\t<div id=\"ngg-image-253\" class=\"ngg-gallery-thumbnail-box\"  >\r\n\t\t<div class=\"ngg-gallery-thumbnail\" >\r\n\t\t\t<a href=\"http:\/\/schwarzweissbunt-keramik.de\/wp-content\/gallery\/werkstatt\/img_3414.jpg\" title=\" \" class=\"shutterset_set_13\" >\r\n\t\t\t\t\t\t\t\t<img title=\"img_3414\" alt=\"img_3414\" src=\"http:\/\/schwarzweissbunt-keramik.de\/wp-content\/gallery\/werkstatt\/thumbs\/thumbs_img_3414.jpg\" width=\"100\" height=\"75\" \/>\r\n\t\t\t\t\t\t\t<\/a>\r\n\t\t<\/div>\r\n\t<\/div>\r\n\t\r\n\t\t\r\n \t\t\r\n\t<div id=\"ngg-image-254\" class=\"ngg-gallery-thumbnail-box\"  >\r\n\t\t<div class=\"ngg-gallery-thumbnail\" >\r\n\t\t\t<a href=\"http:\/\/schwarzweissbunt-keramik.de\/wp-content\/gallery\/werkstatt\/img_3415.jpg\" title=\" \" class=\"shutterset_set_13\" >\r\n\t\t\t\t\t\t\t\t<img title=\"img_3415\" alt=\"img_3415\" src=\"http:\/\/schwarzweissbunt-keramik.de\/wp-content\/gallery\/werkstatt\/thumbs\/thumbs_img_3415.jpg\" width=\"100\" height=\"75\" \/>\r\n\t\t\t\t\t\t\t<\/a>\r\n\t\t<\/div>\r\n\t<\/div>\r\n\t\r\n\t\t\r\n \t \t\r\n\t<!-- Pagination -->\r\n \t<div class='ngg-clear'><\/div>\n \t\r\n<\/div>\r\n\r\n\n","protected":false},"excerpt":{"rendered":"<p>Katja Lewe * 1968 in Schwerte 1991 bis 94 Ausbildung als Keramikerin, T\u00f6pferei Elke Gerber-Eckert in Trier 1994 bis 97 Ausbildung zur staatlich gepr\u00fcften Keramkgestalterin Fachschule f\u00fcr Keramik\u00a0 in H\u00f6hr Grenzhausen 1998 bis 2008 Design Keramikindustrie, Jasba Ofenkachel in Ransbach &hellip; <a href=\"http:\/\/schwarzweissbunt-keramik.de\/?page_id=2\">Weiterlesen <span class=\"meta-nav\">&rarr;<\/span><\/a><\/p>\n","protected":false},"author":1,"featured_media":0,"parent":0,"menu_order":0,"comment_status":"closed","ping_status":"closed","template":"sidebar-page.php","meta":[],"_links":{"self":[{"href":"http:\/\/schwarzweissbunt-keramik.de\/index.php?rest_route=\/wp\/v2\/pages\/2"}],"collection":[{"href":"http:\/\/schwarzweissbunt-keramik.de\/index.php?rest_route=\/wp\/v2\/pages"}],"about":[{"href":"http:\/\/schwarzweissbunt-keramik.de\/index.php?rest_route=\/wp\/v2\/types\/page"}],"author":[{"embeddable":true,"href":"http:\/\/schwarzweissbunt-keramik.de\/index.php?rest_route=\/wp\/v2\/users\/1"}],"replies":[{"embeddable":true,"href":"http:\/\/schwarzweissbunt-keramik.de\/index.php?rest_route=%2Fwp%2Fv2%2Fcomments&post=2"}],"version-history":[{"count":12,"href":"http:\/\/schwarzweissbunt-keramik.de\/index.php?rest_route=\/wp\/v2\/pages\/2\/revisions"}],"predecessor-version":[{"id":205,"href":"http:\/\/schwarzweissbunt-keramik.de\/index.php?rest_route=\/wp\/v2\/pages\/2\/revisions\/205"}],"wp:attachment":[{"href":"http:\/\/schwarzweissbunt-keramik.de\/index.php?rest_route=%2Fwp%2Fv2%2Fmedia&parent=2"}],"curies":[{"name":"wp","href":"https:\/\/api.w.org\/{rel}","templated":true}]}}